{"id":165,"date":"2020-05-12T23:36:23","date_gmt":"2020-05-12T21:36:23","guid":{"rendered":"http:\/\/triathlon91.fr\/?page_id=165"},"modified":"2021-12-12T11:26:23","modified_gmt":"2021-12-12T10:26:23","slug":"historique","status":"publish","type":"page","link":"http:\/\/triathlon91.fr\/index.php\/historique\/","title":{"rendered":"Historique"},"content":{"rendered":"\n<p> Le 9 d\u00e9cembre 1991 les statuts du <strong>Comit\u00e9 D\u00e9partemental de Triathlon de l\u2019Essonne<\/strong> \u00e9taient d\u00e9pos\u00e9s \u00e0 la Sous-pr\u00e9fecture de Palaiseau donnant ainsi naissance \u00e0 l\u2019un des plus anciens Comit\u00e9 de cette discipline en France. Les Fondateurs avaient la volont\u00e9 de se regrouper pour d\u00e9velopper et promouvoir leur sport alors pratiquement inconnu du grand public. 30 ans plus tard, que de chemin parcouru, que d\u2019initiatives lanc\u00e9es en Essonne, parfois uniques en France, que de Champions issus de nos \u00e9coles de Triathlon, que d\u2019\u00e9preuves et de stages organis\u00e9s en Essonne. Plus de 1400 licenci\u00e9s <strong>FFTRI <\/strong>pratiquent actuellement le triple effort en Essonne.<\/p>\n\n\n\n<h2 class=\"wp-block-heading\">L&#8217;histoire du Comit\u00e9<\/h2>\n\n\n\n<figure class=\"wp-block-image\"><img decoding=\"async\" src=\"https:\/\/static.wixstatic.com\/media\/406188_87a08e83c80d4458aa80a42f12caff7d.jpg\/v1\/fill\/w_782,h_246,al_c,lg_1,q_80\/406188_87a08e83c80d4458aa80a42f12caff7d.webp\" alt=\"\"\/><\/figure>\n\n\n\n<p><\/p>\n\n\n\n<p><\/p>\n\n\n\n<p> Le mardi 20 d\u00e9cembre 2011, le Comit\u00e9 D\u00e9partemental a f\u00eat\u00e9 ses 20 ans en compagnie du Pr\u00e9sident de la <strong>F.F.TRI.<\/strong>, Philippe Lescure, de C\u00e9dric Gosse, Pr\u00e9sident de la Ligue IDF, de Michel Pouzol, Vice-Pr\u00e9sident du Conseil G\u00e9n\u00e9ral de l\u2019Essonne&nbsp;et&nbsp;de presque tous les anciens Pr\u00e9sidents du Comit\u00e9 qui avaient fait le d\u00e9placement depuis le sud de la France pour certains !<\/p>\n\n\n\n<p><a href=\"http:\/\/triathlon91.fr\/index.php\/les-elus\/\">Une \u00e9quipe sur le terrain<\/a><\/p>\n\n\n\n<p> Le <strong>Comit\u00e9 d\u00e9partemental de Triathlon de l\u2019Essonne <\/strong>continue de s\u2019investir dans le d\u00e9veloppement de la pratique, en collaboration avec les clubs, en proposant tout au long de l\u2019ann\u00e9e des actions que ce soit des comp\u00e9titions, des stages ou des animations. Le Comit\u00e9 est compos\u00e9 d\u2019un Bureau Directeur dont les \u00e9lus sont responsables des diff\u00e9rentes Commissions. <\/p>\n","protected":false},"excerpt":{"rendered":"<p>Le 9 d\u00e9cembre 1991 les statuts du Comit\u00e9 D\u00e9partemental de Triathlon de l\u2019Essonne \u00e9taient d\u00e9pos\u00e9s \u00e0 la Sous-pr\u00e9fecture de Palaiseau<\/p>\n","protected":false},"author":1,"featured_media":0,"parent":0,"menu_order":0,"comment_status":"closed","ping_status":"closed","template":"","meta":[],"_links":{"self":[{"href":"http:\/\/triathlon91.fr\/index.php\/wp-json\/wp\/v2\/pages\/165"}],"collection":[{"href":"http:\/\/triathlon91.fr\/index.php\/wp-json\/wp\/v2\/pages"}],"about":[{"href":"http:\/\/triathlon91.fr\/index.php\/wp-json\/wp\/v2\/types\/page"}],"author":[{"embeddable":true,"href":"http:\/\/triathlon91.fr\/index.php\/wp-json\/wp\/v2\/users\/1"}],"replies":[{"embeddable":true,"href":"http:\/\/triathlon91.fr\/index.php\/wp-json\/wp\/v2\/comments?post=165"}],"version-history":[{"count":11,"href":"http:\/\/triathlon91.fr\/index.php\/wp-json\/wp\/v2\/pages\/165\/revisions"}],"predecessor-version":[{"id":1010,"href":"http:\/\/triathlon91.fr\/index.php\/wp-json\/wp\/v2\/pages\/165\/revisions\/1010"}],"wp:attachment":[{"href":"http:\/\/triathlon91.fr\/index.php\/wp-json\/wp\/v2\/media?parent=165"}],"curies":[{"name":"wp","href":"https:\/\/api.w.org\/{rel}","templated":true}]}}