{"id":28,"date":"2020-05-11T11:39:22","date_gmt":"2020-05-11T09:39:22","guid":{"rendered":"http:\/\/triathlon91.fr\/?page_id=28"},"modified":"2020-05-28T16:58:31","modified_gmt":"2020-05-28T14:58:31","slug":"projets","status":"publish","type":"page","link":"http:\/\/triathlon91.fr\/index.php\/projets\/","title":{"rendered":"Projet"},"content":{"rendered":"\n<p><\/p>\n\n\n\n<ul class=\"wp-block-gallery columns-3 is-cropped wp-block-gallery-1 is-layout-flex\"><li class=\"blocks-gallery-item\"><figure><img decoding=\"async\" loading=\"lazy\" width=\"240\" height=\"320\" src=\"http:\/\/triathlon91.fr\/wp-content\/uploads\/2020\/05\/IMG_2729.jpeg\" alt=\"\" data-id=\"215\" data-link=\"http:\/\/triathlon91.fr\/index.php\/projets\/img_2729\/\" class=\"wp-image-215\" srcset=\"http:\/\/triathlon91.fr\/wp-content\/uploads\/2020\/05\/IMG_2729.jpeg 240w, http:\/\/triathlon91.fr\/wp-content\/uploads\/2020\/05\/IMG_2729-225x300.jpeg 225w\" sizes=\"(max-width: 240px) 100vw, 240px\" \/><\/figure><\/li><li class=\"blocks-gallery-item\"><figure><img decoding=\"async\" loading=\"lazy\" width=\"600\" height=\"400\" src=\"http:\/\/triathlon91.fr\/wp-content\/uploads\/2020\/05\/csm_09062019-triathlon-21_3d8cf1d624.jpg\" alt=\"\" data-id=\"255\" data-link=\"http:\/\/triathlon91.fr\/index.php\/projets\/csm_09062019-triathlon-21_3d8cf1d624\/\" class=\"wp-image-255\" srcset=\"http:\/\/triathlon91.fr\/wp-content\/uploads\/2020\/05\/csm_09062019-triathlon-21_3d8cf1d624.jpg 600w, http:\/\/triathlon91.fr\/wp-content\/uploads\/2020\/05\/csm_09062019-triathlon-21_3d8cf1d624-300x200.jpg 300w\" sizes=\"(max-width: 600px) 100vw, 600px\" \/><\/figure><\/li><li class=\"blocks-gallery-item\"><figure><img decoding=\"async\" loading=\"lazy\" width=\"600\" height=\"400\" src=\"http:\/\/triathlon91.fr\/wp-content\/uploads\/2020\/05\/csm_09062019-triathlon-71_c807eba2aa-2.jpg\" alt=\"\" data-id=\"256\" data-link=\"http:\/\/triathlon91.fr\/index.php\/projets\/csm_09062019-triathlon-71_c807eba2aa-3\/\" class=\"wp-image-256\" srcset=\"http:\/\/triathlon91.fr\/wp-content\/uploads\/2020\/05\/csm_09062019-triathlon-71_c807eba2aa-2.jpg 600w, http:\/\/triathlon91.fr\/wp-content\/uploads\/2020\/05\/csm_09062019-triathlon-71_c807eba2aa-2-300x200.jpg 300w\" sizes=\"(max-width: 600px) 100vw, 600px\" \/><\/figure><\/li><\/ul>\n\n\n\n<p style=\"text-align:left\">Le Comit\u00e9 D\u00e9partemental a mis en \u0153uvre, depuis plus de 25 ans, un projet de d\u00e9veloppement du Triathlon bas\u00e9 sur les objectifs suivants et souhaite continuer dans cette voie :<\/p>\n\n\n\n<ul><li><strong>D\u00e9velopper<\/strong> le nombre de pratiquants, le nombre de clubs et les \u00e9preuves<\/li><li> <strong>Promouvoir<\/strong> l\u2019esprit du Triathlon au travers d\u2019actions citoyennes<\/li><li> <strong>Encadrer et p\u00e9renniser<\/strong> la pratique du haut niveau au sein du d\u00e9partement<\/li><li> <strong>Eduquer et former<\/strong> les acteurs qui animent les structures sportives locales<\/li><li> <strong>Accueillir <\/strong>de nouveaux publics et d\u00e9velopper la pratique de masse<\/li><li> <strong>Favoriser<\/strong> le d\u00e9veloppement de la pratique f\u00e9minine<\/li><li> <strong>Investir<\/strong> les diff\u00e9rents territoires<\/li><li> <strong>Poursuivre<\/strong> la collaboration avec l\u2019USEP, l\u2019UNSS et la FFSU<\/li><li> <strong>Mettre en valeur<\/strong> le Triathlon comme un \u00ab\u00a0Sport Sant\u00e9\u00a0\u00bb<\/li><li> <strong>Sensibiliser<\/strong> les acteurs du sport Essonnien au\u00a0D\u00e9veloppement Durable<\/li><\/ul>\n\n\n\n<p><\/p>\n","protected":false},"excerpt":{"rendered":"<p>Le Comit\u00e9 D\u00e9partemental a mis en \u0153uvre, depuis plus de 25 ans, un projet de d\u00e9veloppement du Triathlon bas\u00e9 sur<\/p>\n","protected":false},"author":1,"featured_media":0,"parent":0,"menu_order":0,"comment_status":"closed","ping_status":"closed","template":"","meta":[],"_links":{"self":[{"href":"http:\/\/triathlon91.fr\/index.php\/wp-json\/wp\/v2\/pages\/28"}],"collection":[{"href":"http:\/\/triathlon91.fr\/index.php\/wp-json\/wp\/v2\/pages"}],"about":[{"href":"http:\/\/triathlon91.fr\/index.php\/wp-json\/wp\/v2\/types\/page"}],"author":[{"embeddable":true,"href":"http:\/\/triathlon91.fr\/index.php\/wp-json\/wp\/v2\/users\/1"}],"replies":[{"embeddable":true,"href":"http:\/\/triathlon91.fr\/index.php\/wp-json\/wp\/v2\/comments?post=28"}],"version-history":[{"count":8,"href":"http:\/\/triathlon91.fr\/index.php\/wp-json\/wp\/v2\/pages\/28\/revisions"}],"predecessor-version":[{"id":370,"href":"http:\/\/triathlon91.fr\/index.php\/wp-json\/wp\/v2\/pages\/28\/revisions\/370"}],"wp:attachment":[{"href":"http:\/\/triathlon91.fr\/index.php\/wp-json\/wp\/v2\/media?parent=28"}],"curies":[{"name":"wp","href":"https:\/\/api.w.org\/{rel}","templated":true}]}}